 + 1 + -17 + 15?
-15
3 + -7 + 13 + -36
-27
What is (-14 - -7 - 12) + 10?
-9
Evaluate (-253 - -227 - (2 - 23)) + (-8 - 1).
-14
What is 286 + -304 - (-43 + 0)?
25
What is the value of 39 + -73 + (33 - -4)?
3
Calculate -4 - (-6 + -4) - (-8 + (2 - 0)).
12
Evaluate 4 - ((-16 - -15) + 23).
-18
What is -11 + 3 + -2 + (90 - 67)?
13
What is the value of -6 + 2 + -2 - (-2 + -1) - -9?
6
What is (-16 - -15) + -3 - (26 + -21)?
-9
What is the value of -10 - (-22 + 20) - (1 + (-3 - -1))?
-7
What is 8 - ((6 - (-2 + 2)) + -14 - -6)?
10
-1 - -9 - (35 - 16 - 8)
-3
Calculate -22 - -27 - (11 + -2) - -4.
0
What is 3 + (1 - 0) + (28 - 26) + 0?
6
What is 3 + -9 + -1 + -97 + 98?
-6
What is the value of (2 - 10) + 0 + 0 - -8?
0
What is the value of (-64 + 41 - -46) + -37?
-14
What is 2082 - 2118 - (-2 + 3 - 13)?
-24
What is -8 + 0 + (-113 - -121)?
0
What is (-8 - (1 + -4)) + (37 - 7)?
25
Evaluate (31 - 11) + -34 - 1.
-15
Evaluate 18 + -6 + (10 - 21).
1
4 - (-3 + -21 + 42)
-14
Evaluate 1 - (-13 + 6 + 4).
4
Calculate 1 - (-1 + (-3 - -8)) - (-22 + -1).
20
What is the value of (-13 - -23) + -24 - -33?
19
What is the value of 2 - (-17 - -50) - -15?
-16
-11 + 4 + (9 - (-17 + -9))
28
What is the value of -8 + -10 - 4 - 2 - (3 + 1)?
-28
What is the value of 20 + -25 - (-1 - -4 - 7) - -16?
15
Calculate -21 + (-1 - ((-5 - -11) + -4)) - -6.
-18
54 + -35 - (1 - 0)
18
Evaluate 2 - (-10 + (-3 - -2) + 7).
6
Evaluate -14 + (-5 - -10 - (4 - 5)).
-8
Evaluate -17 - (15 - ((-2 - -3) + -4)).
-35
What is the value of 1 + 5 + (-5 - ((-4 - -16) + -20))?
9
Evaluate 12 - (1 + 0 - (-14 - (-8 - 7))).
12
What is the value of (22 + 8 - 11) + -9?
10
What is the value of (-4 - 0) + (-141 - -158)?
13
Evaluate 5 - (-39 + 34 + -19).
29
-7 - (-5 - (-3 - 1)) - (-2 - 6)
2
Calculate 4 + (1 - 13 - (-29 + 20)).
1
Calculate 3 + (2 - (-21 - -22)) - (1 - -9).
-6
What is 3 + 10 + 4 + 1 + -4?
14
What is -29 + (1 - 19) + 33?
-14
What is -7 - (-46 - (0 + -23 + -11 + 23))?
28
What is 0 - (25 - (6 + 20) - (-16 - 1))?
-16
Evaluate -1 - (5 + 30 - 2).
-34
1 - -13 - (-122 + 127)
9
Calculate (-13 - (23 + -27)) + 5.
-4
Calculate 17 - (13 + -25) - -6.
35
Calculate (-1 - -22) + (450 - 452).
19
Calculate (30 - 43) + 4 + -7 + 11.
-5
What is the value of -16 - (-49 - (-34 + 7))?
6
What is 19 - 12 - (8 + (5 - 8) + -5)?
7
Evaluate -30 - -19 - -24 - (2 - 3).
14
Evaluate 15 - (-17 + 4 - -54).
-26
Calculate 25 + (-2 - -21 - 45).
-1
(12 - 38) + 12 - -27 - 19
-6
(12 - -5) + (17 - 40)
-6
What is -2 + 6 + 2 + -3 + (-5 - -5)?
3
-6 + 10 - (2 - -18 - 6)
-10
What is 10 - (-1 + 11 + (84 - 75))?
-9
-25 - 6 - -42 - (-4 - -34)
-19
15 + -35 + 8 - -25
13
Evaluate 29 + 0 - (264 - 247).
12
5 + (-15 - -33) + -9
14
What is the value of -6 + (-14 - -20 - (2 + -4))?
2
Evaluate (1 + -4 - 0) + 342 + -344 + -4.
-9
Calculate 0 + (-12 - (5 - 12)) + 11 + -22.
-16
What is the value of -14 + 7 + 6 + (-33 + 4 - 0)?
-30
Calculate -35 - -1 - (164 - 192).
-6
Evaluate -12 + (-11 - -15) - -4.
-4
Calculate 5 + (16 - (2 - -6)) + 7.
20
What is the value of 54 - (39 + (31 - 53))?
37
What is -2 - ((1 - 6) + 9) - -11?
5
(-30 + -6 - (-6 + -4)) + (1 - -1)
-24
Calculate -44 - (-4 + 33 + -95).
22
What is -6 + -1 + (109 - 84)?
18
What is the value of -6 - (3 - 0) - -16 - -6?
13
What is the value of 6 + -25 - (-219 - -229)?
-29
Evaluate 6 + -1 + (142 - 158).
-11
What is 5 + -17 + (-5 - -35)?
18
What is the value of -2 + (-3 + -1 + 3 + -5 - -10)?
2
What is 8 - 0 - (24 + (12 - 31))?
3
Calculate 2 + -5 + -6 + 20 - -9.
20
Calculate (-29 - -14) + (5 + -9 + 5 - 0).
-14
-1 + -26 + 322 + -306 + -2 + 16
3
-9 + 17 + 14 + -38
-16
What is (-49 + -22 - -54) + 2 + 44?
29
Evaluate 1 - 4 - ((-21 - -40) + -13 - 2).
-7
Calculate 8 + -1 + -3 + (5 - -4).
13
(-7 - (6 + 15 + -13)) + -23
-38
1 + 4 + (43 - 63)
-15
Calculate -4 + (1 - 1) - ((-3 - -4) + -10).
5
(4 - 5 - -19) + -3 + (-9 - -5)
11
What is the value of -11 - (-2 + (3 + -16 - -9))?
-5
Calculate (-7 - (-11 + (-1 - -7) + 5)) + 10.
3
Calculate -5 - (-2 - 0 - (4 + -11)) - -7.
-3
(-17 - (1 - 2)) + 22
6
Evaluate 153 - 148 - (-16 + 1).
20
-2 - (31 + (-31 - (-14 - 1)))
-17
Evaluate (7 - (-11 - -8 - 6)) + 1.
17
What is (-10 + -7 + 47 - 13) + 7?
24
What is the value of (6 - 3) + -3 + -7 + -3?
-10
5 + (-4 - 2) - 5 - (5 + -6)
-5
What is the value of (-2 - 3 - 1) + (31 - 21)?
4
Evaluate 7 + (8 - (17 - 2)) + -1.
-1
Evaluate -28 - (39 + -11 + -58).
2
What is the value of 1 + -11 - (42 - (31 + (-12 - -3)))?
-30
Calculate (-6 - -7) + -9 + 0 + 16.
8
Calculate -9 + -10 + (18 - 3) - -7 - 31.
-28
(-2 - (-1 + (-1 - 1))) + -27 + 25
-1
Evaluate (89 - 64) + (5 - 10) + -16.
4
-11 - (-12 + -2) - (-7 - -1)
9
13 - (10 + (-5 - 0) + -2)
10
(-34 - 0) + (-500 - -524)
-10
Calculate 15 + 12 - (3 + -6 + 16).
14
(2 - 1) + -7 + (-10 - (-26 + -1))
11
-7 + (-2 + 31 - 40)
-18
What is the value of -20 - ((13 - -3) + -16)?
-20
What is the value of 1 + 7 + -13 + 7 + -6?
-4
3 - 2 - (12 + -4 + 3) - 3
-13
4 + (19 - 33) + 28
18
Calculate 11 + (5 - 17) + 2 + 4.
5
What is the value of 15 + (3 + (6 - (-8 - -11)) - 2)?
19
Evaluate -6 - (-37 + -5 - -10).
26
Calculate -7 + (10 - (-11 - -2)) - 7.
5
What is 13 + 5 + -10 + (-2 - -3)?
9
What is the value of -11 + 3 + (47 - 39) - 3?
-3
What is 12 + -10 + 11 + -21 + 5 + -7?
-10
Calculate (13 - 38 - -6) + 2.
-17
What is -24 - (3 + (-6 - -2 - 8))?
-15
What is 5 + (3 - 8 - (-2 + (-7 - -7)))?
2
What is -25 - (2 + (14 - 22) - -1)?
-20
What is -22 + (2 - (-17 + 7 + 9 + 1))?
-20
Calculate 6 + -7 + -18 + -12.
-31
What is 16 + (-191 - -194 - (0 - -1 - 0))?
18
What is the value of 15 + -9 + 0 + -17?
-11
Calculate -9 + 6 + -9 - -13.
1
What is (-14 + 8 - 0) + -3 + 10?
1
What is the value of 18 - (3 + -1) - (-4 + (3 - -3))?
14
1 + -2 - (39 - (-5 - -71))
26
What is the value of -17 - -10 - (-6 - -3 - 34)?
30
Evaluate -3 + 19 + (29 - 39).
6
What is (-131 - -140) + (2 - 21)?
-10
Evaluate 49 + -57 - (2 - 13) - 0.
3
-1 - ((0 + (-3 - 4) - -2) + 12)
-8
-13 - (-9 - -10) - -12
-2
Calculate (-9 + 5 + -2 + 10 - -2) + 3.
9
What is the value of 30 + (30 - 57) - (18 + -3)?
-12
What is the value of 3 + -3 + (6 - -2) + -3?
5
Calculate -3 - -6 - ((-108 - -80) + (7 - -1)).
23
2 + -8 + 5 + (-4 - (9 + -5))
-9
What is -2 + 9 + (-30 - (-15 + (12 - 3)))?
-17
What is the value of 11 + (12 - -2) + -24?
1
What is the value of 7 - (8 - (7 - -1 - 9))?
-2
What is 5 + (1 + 28 + 2 - (-24 + 26))?
34
Calculate 20 + 3 + -7 + (5 - (11 + -8)).
18
What is -5 + (3 - -7) + -5 + (-5 - -7)?
2
Evaluate -12 + (45 - 10 - 22).
1
What is the value of -24 + (0 - -10) - (-4 - 2)?
-8
Evaluate 6 + (20 - 1) - 8.
17
Evaluate -5 - (-3 - (6 - -6)).
10
Evaluate (26 - 7) + 4 - (-5 - -6).
22
2 + -2 - (2 + (-11 - -6))
3
What is the value of (2 + 3 - -2) + -16?
-9
What is the value of -12 - (-18 + 28 - (3 + -1))?
-20
Evaluate (-4 - -4) + -3 + -6 + 20.
11
What is 21 + -28 + -7 - -1?
-13
What is the value of -32 + (-6 - -3 - -10) - (1 - 2)?
-24
Calculate -3 - ((14 - 11) + 0 + 3 + -10).
1
What is -2 - (-28 + 16) - 16 - (-7 - 0)?
1
1 + 3 + -4 + 6 - (-1 - -15)
-8
Calculate -5 - -1 - (1 + (0 - -1) + -16).
10
Evaluate 23 - 5 - 2 - 7.
9
What is the value of (-34 - -1 - (-3 - 0)) + (-232 - -241)?
-21
Evaluate -13 + (27 - 13) + 14.
15
What is 7 - (4 - 4) - (3 - 3) - -10?
17
-7 - (10 - 10 - 2) - (3 + -11)
3
What is -5 + 13 + -12 + 13?
9
What is the value of 152 - 74 - 79 - (-7 + -2 + 1)?
7
Evaluate -45 + 52 + (1 + 4 - 2).
10
(-1 + -15 - -27) + -15
-4
Calculate -2 - 1 - (-3 + (-4 - 3)).
7
What is 18 - (0 - -25) - (-9 - (0 + -2))?
0
Evaluate (1 - 3) + -7 - (251 - 259).
-1
What is 6 + (11 - 17) - 18 - (1 - 0)?
-19
What is -7 + (4 - 5 - -25) + -8?
9
Calculate -2 + 3 + (1 + -14 - -13).
1
Calculate 9 + -8 + 6 + -13 + 5.
-1
(-91 - -76) + (3 - 1)
-13
11 - 24 - (-5 + 1 + 4 - -9)
-22
Evaluate -7 - -25 - (-30 - -9 - -20).
19
-2 - (-16 - -10 - -3 - (-11 - 2))
-12
What is -3 + 1 + -3 - (121 - 119)?
-7
What is (-1 - -2) + 9 + (39 - (-2 + 46))?
5
(-7 + 5 - -14) + -3 + 3
12
What is the value of -32 - (10 + 0 - 36)?
-6
What is the value of 3 + (-1 - -5) + -1 + -5 + 0?
1
Calculate 1 + (-7 - -6 - -10).
10
(-7 - -16 - (3 + 4)) + 2
4
Calculate -4 + -2 - (-1 + 16 - 40).
19
Calculate -14 - -13 - (-3 + -2 + 1 - 5).
8
Calculate -23 - (-3 - -8 - ((2 - 13) + 20)).
-19
Calculate (5 - ((-10 - 7) + 25)) + 30.
27
Evaluate -7 + 1 + -1 + 0 + (64 - 70).
-13
0 +